er when 379257 is divided by 32?
25
Calculate the remainder when 1863 is divided by 93.
3
Calculate the remainder when 2047 is divided by 1499.
548
Calculate the remainder when 65625 is divided by 314.
313
What is the remainder when 89315 is divided by 20?
15
Calculate the remainder when 7634 is divided by 49.
39
What is the remainder when 3318 is divided by 414?
6
What is the remainder when 347057 is divided by 70?
67
Calculate the remainder when 112432 is divided by 62.
26
Calculate the remainder when 1167719 is divided by 296.
295
Calculate the remainder when 3381 is divided by 42.
21
Calculate the remainder when 525 is divided by 47.
8
What is the remainder when 1544998 is divided by 1236?
1234
What is the remainder when 9232 is divided by 151?
21
Calculate the remainder when 3907 is divided by 32.
3
Calculate the remainder when 66700 is divided by 66667.
33
What is the remainder when 144229 is divided by 36054?
13
What is the remainder when 94158 is divided by 11?
9
Calculate the remainder when 9078 is divided by 8826.
252
Calculate the remainder when 3818 is divided by 78.
74
What is the remainder when 13200 is divided by 660?
0
What is the remainder when 86357 is divided by 25?
7
What is the remainder when 24767 is divided by 3538?
1
What is the remainder when 3173 is divided by 113?
9
Calculate the remainder when 5350 is divided by 2626.
98
What is the remainder when 18931 is divided by 3784?
11
What is the remainder when 2955 is divided by 21?
15
Calculate the remainder when 125145 is divided by 25.
20
What is the remainder when 21720 is divided by 7227?
39
What is the remainder when 455 is divided by 156?
143
What is the remainder when 1223362 is divided by 65?
62
What is the remainder when 8103 is divided by 35?
18
What is the remainder when 157246 is divided by 73?
4
Calculate the remainder when 15690 is divided by 60.
30
Calculate the remainder when 138714 is divided by 46172.
198
What is the remainder when 4293 is divided by 873?
801
Calculate the remainder when 1528 is divided by 1436.
92
Calculate the remainder when 432748 is divided by 296.
292
What is the remainder when 69964 is divided by 17480?
44
What is the remainder when 35756 is divided by 762?
704
What is the remainder when 50051 is divided by 47?
43
What is the remainder when 9740 is divided by 9484?
256
What is the remainder when 521745 is divided by 9?
6
Calculate the remainder when 67790 is divided by 35.
30
Calculate the remainder when 508478 is divided by 18.
14
What is the remainder when 37737 is divided by 517?
513
Calculate the remainder when 40210 is divided by 178.
160
Calculate the remainder when 30255 is divided by 270.
15
What is the remainder when 2443508 is divided by 7?
4
Calculate the remainder when 12071 is divided by 2610.
1631
What is the remainder when 140421 is divided by 21?
15
Calculate the remainder when 44147 is divided by 32.
19
Calculate the remainder when 279976 is divided by 79.
0
Calculate the remainder when 192023 is divided by 6621.
14
Calculate the remainder when 135382 is divided by 147.
142
Calculate the remainder when 7237 is divided by 215.
142
What is the remainder when 512272 is divided by 1083?
13
What is the remainder when 2168702 is divided by 131?
128
What is the remainder when 531109 is divided by 346?
345
Calculate the remainder when 278003 is divided by 91.
89
Calculate the remainder when 3582 is divided by 375.
207
Calculate the remainder when 7936 is divided by 814.
610
Calculate the remainder when 47371 is divided by 1075.
71
Calculate the remainder when 44524 is divided by 22253.
18
Calculate the remainder when 4824 is divided by 165.
39
Calculate the remainder when 3390 is divided by 36.
6
Calculate the remainder when 15744 is divided by 250.
244
What is the remainder when 320877 is divided by 53477?
15
Calculate the remainder when 32248 is divided by 130.
8
What is the remainder when 109114 is divided by 84?
82
Calculate the remainder when 4959 is divided by 415.
394
Calculate the remainder when 180607 is divided by 166.
165
Calculate the remainder when 5393 is divided by 317.
4
What is the remainder when 6967 is divided by 268?
267
Calculate the remainder when 4669 is divided by 483.
322
Calculate the remainder when 5919561 is divided by 12.
9
What is the remainder when 326558 is divided by 785?
783
What is the remainder when 766888 is divided by 28?
24
Calculate the remainder when 1137 is divided by 1132.
5
Calculate the remainder when 6450 is divided by 20.
10
Calculate the remainder when 65108 is divided by 19.
14
What is the remainder when 702747 is divided by 50?
47
Calculate the remainder when 9888 is divided by 2415.
228
What is the remainder when 2673 is divided by 111?
9
What is the remainder when 52780 is divided by 319?
145
What is the remainder when 56688 is divided by 85?
78
Calculate the remainder when 124520 is divided by 273.
32
What is the remainder when 98302 is divided by 9829?
12
What is the remainder when 2168 is divided by 32?
24
Calculate the remainder when 8590 is divided by 8.
6
Calculate the remainder when 171526 is divided by 51.
13
What is the remainder when 348836 is divided by 216?
212
What is the remainder when 211219 is divided by 144?
115
Calculate the remainder when 1511 is divided by 65.
16
Calculate the remainder when 159240 is divided by 15.
0
What is the remainder when 33616 is divided by 33?
22
What is the remainder when 1147 is divided by 108?
67
What is the remainder when 146048 is divided by 7?
0
Calculate the remainder when 8996 is divided by 143.
130
Calculate the remainder when 3096 is divided by 138.
60
What is the remainder when 240560 is divided by 99?
89
What is the remainder when 1080294 is divided by 60?
54
What is the remainder when 1649 is divided by 86?
15
What is the remainder when 101672 is divided by 288?
8
What is the remainder when 655156 is divided by 131027?
21
What is the remainder when 2959739 is divided by 210?
209
What is the remainder when 3569242 is divided by 197?
193
Calculate the remainder when 425545 is divided by 17.
1
What is the remainder when 1896 is divided by 618?
42
Calculate the remainder when 482 is divided by 204.
74
What is the remainder when 7405 is divided by 3696?
13
Calculate the remainder when 847 is divided by 256.
79
Calculate the remainder when 3032 is divided by 735.
92
What is the remainder when 132305 is divided by 832?
17
Calculate the remainder when 6349 is divided by 2055.
184
What is the remainder when 4474461 is divided by 19?
18
What is the remainder when 10635 is divided by 3543?
6
What is the remainder when 31294 is divided by 12?
10
Calculate the remainder when 1982 is divided by 239.
70
Calculate the remainder when 801915 is divided by 1253.
1248
What is the remainder when 26058 is divided by 592?
10
What is the remainder when 56794 is divided by 12?
10
What is the remainder when 29513 is divided by 82?
75
Calculate the remainder when 92270 is divided by 396.
2
Calculate the remainder when 139435 is divided by 845.
10
What is the remainder when 9022 is divided by 116?
90
What is the remainder when 7336142 is divided by 172?
170
Calculate the remainder when 18674 is divided by 74.
26
What is the remainder when 5102 is divided by 715?
97
Calculate the remainder when 4131 is divided by 421.
342
What is the remainder when 5644 is divided by 245?
9
What is the remainder when 3662 is divided by 2875?
787
Calculate the remainder when 4192 is divided by 1037.
44
Calculate the remainder when 6324 is divided by 468.
240
Calculate the remainder when 4864 is divided by 606.
16
Calculate the remainder when 2365 is divided by 557.
137
Calculate the remainder when 49293 is divided by 548.
521
What is the remainder when 341520 is divided by 358?
346
What is the remainder when 213191 is divided by 1938?
11
Calculate the remainder when 1971 is divided by 539.
354
Calculate the remainder when 6295 is divided by 34.
5
What is the remainder when 3480 is divided by 21?
15
Calculate the remainder when 1411422 is divided by 17.
14
Calculate the remainder when 12175 is divided by 12151.
24
Calculate the remainder when 497683 is divided by 22.
21
Calculate the remainder when 13433 is divided by 842.
803
What is the remainder when 8915